0 - -16. Let h(r) be the third derivative of -r**5/60 - 5*r**4/6 - 11*r**3/6 - 5*r**2. What is the tens digit of h(y)?
7
What is the thousands digit of (9096/312 - 29) + (-589208)/(-26)?
2
Let d be 52 + (-2 - 0)*(-3)/2. Let r = d - 51. Suppose 45 = -r*u + 193. What is the units digit of u?
7
Let q = -17385 + 44102. What is the ten thousands digit of q?
2
Let v = -16454 + 35123. What is the hundreds digit of v?
6
Suppose j + 15357 = 4*c, 6*c + 46032 = -3*j + 5*c. What is the units digit of (-2)/(-5) - j/75?
5
Let u be -27*(4/6 + 5/3). Let x = 57 + u. Let s(f) = f**2 + f - 4. What is the tens digit of s(x)?
2
Suppose 0 = 8*q - 35*q - 2376. What is the hundreds digit of ((-615)/(-4))/(-5 - 473/q)?
4
Let n = -629 - -1019. Suppose w - n = -5. What is the tens digit of w?
8
Let o(p) = 12*p + 8 + 78 + 5 + 34. What is the tens digit of o(18)?
4
Let w = 32827 + -18375. What is the tens digit of w?
5
Let a be 5*(-1048)/(-20) - 2. Let u = 646 - a. What is the units digit of u?
6
Let v be -3*(1704/(-9))/2. Suppose -3*b - 5*l - 11 + 32 = 0, 4*l = 2*b - 36. Suppose 14*x - b*x = v. What is the units digit of x?
2
Suppose -5*u - 20750 = -2*z, 56*z - 51980 = 51*z - 5*u. What is the tens digit of z?
9
Suppose 2*k + k + 123 = 0. Let o be 2/(-5) - 162/(-30). Let p = o - k. What is the units digit of p?
6
Let o(a) be the second derivative of -15*a + 0 + 5/2*a**2 - 25/2*a**3. What is the units digit of o(-1)?
0
What is the tens digit of (-613266)/(-36) - 2/12?
3
Let b be (-1 - 28/(-6)) + 6/(-9). Suppose 0 = g - b*d - 397, 0*d = -4*g - d + 1653. What is the hundreds digit of g?
4
Suppose 5*g + 13*g - 558 = 0. Suppose -g*b = -36*b + 255. What is the tens digit of b?
5
Suppose -28*v + 732 = -89*v. What is the units digit of (-368)/v*(-102)/(-4)?
2
Let k(s) = 23*s**2 + 149*s - 379. Let i(b) = 4*b**2 + 30*b - 76. Let l(u) = -11*i(u) + 2*k(u). What is the units digit of l(26)?
8
Let p(a) = a**3 - 19*a**2 - 10*a + 64. Let x be p(24). Suppose -6*v + 1940 = -x. What is the hundreds digit of v?
7
Let v = 277 - -33. Let z = v + -292. What is the tens digit of z?
1
Let l(u) = -2*u**2 - 5*u + 1. Let k be l(-4). Let y be (48/10 + -8)*70/(-4). Let g = y + k. What is the tens digit of g?
4
Let r = -500 + 515. Suppose -866 = -2*s - r*x + 10*x, 0 = -2*s + 4*x + 902. What is the hundreds digit of s?
4
Suppose -c + 3*a + 8639 = 0, 5*c - 3*a - 27346 = 15897. What is the units digit of c?
1
Suppose -5*p - 25 = 0, -33 + 3 = -5*m - 2*p. What is the units digit of 917 + 0/m + 7?
4
Suppose 89*d - 270641 = 48*d. What is the thousands digit of d?
6
Let f be 8*(9/12)/3*-1. What is the hundreds digit of 9039/18 + 3/36*f?
5
Let d(t) = 48*t**2 - 4*t + 79. What is the units digit of d(-7)?
9
Let r(k) = 6*k**2 + 7*k + 19. Let d be r(10). Let y = d - 90. What is the units digit of y?
9
Let i(m) = 6*m**2 + 2*m + 21. Let t be i(-5). Suppose t*b + 7208 = 169*b. What is the hundreds digit of b?
9
Suppose 2*j - 18105 = m, -2*j = -10*m + 13*m - 18085. What is the thousands digit of j?
9
Suppose -35*q - 20*q + 14*q = 0. Suppose -21*a - 2*a + 16997 = q. What is the units digit of a?
9
Suppose -l - 2*l + g + 131 = 0, 53 = l + 2*g. Suppose -780 + l = -3*n. What is the hundreds digit of n?
2
Let s = -189 - -189. Suppose s = 8*w + 1229 - 5525. What is the tens digit of w?
3
Let f = -277 + 595. Suppose -4*o - 8 = 0, -3*a + 5*a = -3*o + 10. Suppose a*u - 11*u = -f. What is the tens digit of u?
0
Let b = -7412 + 14922. What is the hundreds digit of b?
5
Let a = 2285 + 991. Let d(p) = p**2 - 279*p + 1908. Let w be d(7). Suppose 10*q = -w*q + a. What is the units digit of q?
4
Suppose x - 7360 = -7*x. Let a be -4 + (-98)/(-21) - x/3. Let o = a + 439. What is the tens digit of o?
3
Let z = 43 + -43. Suppose p - 1 = z, -4*s + 22 - 2 = 4*p. Suppose -s*d + 564 = -36. What is the hundreds digit of d?
1
Let l(t) = -9*t - 148. Let b be l(32). Let a = b + 2131. What is the tens digit of a?
9
Let m = 209 - 191. What is the hundreds digit of (-3)/m + (-16471)/(-42)?
3
What is the units digit of ((-1684819)/124)/((10 - 11) + 3/4)?
9
Suppose 46*f = 100*f - 288576. What is the thousands digit of f?
5
Suppose 0 = 13*b - 11*b + 4, 4*l - 4*b = 232. Suppose -l*i - 2664 = -80*i. What is the tens digit of i?
1
Let q(m) = 16*m - 8. Let x be q(-7). Suppose -225*o - 3*d - 883 = -220*o, 5*d - 171 = o. Let i = x - o. What is the tens digit of i?
5
What is the hundreds digit of (3 + -317)*(-13659)/174?
6
Let z(b) = b**3 + 7*b**2 - 77*b + 46. What is the units digit of z(10)?
6
Suppose -137*z + 158*z - 163590 = 0. What is the tens digit of z?
9
What is the ten thousands digit of 13*847 + -21 + (-133)/(-7)?
1
Suppose -14*w + 9*w - 8025 = 0. What is the tens digit of (w*1)/(-5) - -6?
2
Let d(x) = 312*x**2 - x - 2. Suppose -8 = 2*i + 2*a, 0*a + 3 = -a. Let l be d(i). Suppose -7*v = -676 - l. What is the tens digit of v?
4
Suppose -2*y + f = -3*f - 1942, 3*y - 2923 = f. Suppose -4*x = -5*n - y, 5*x + 5*n - 593 = 592. What is the tens digit of x?
4
Let y(i) be the third derivative of 0 + 0*i - 12*i**2 - 1/6*i**3 + 41/60*i**5 - 1/8*i**4. What is the hundreds digit of y(-2)?
1
Suppose -5*k = 4*h - 45995, -23*k = -22*k + 3*h - 9210. What is the thousands digit of k?
9
Suppose 37*h = 95553 + 54667. What is the hundreds digit of h?
0
Suppose 0 = -104*s + 4*s + 161196 + 925704. What is the thousands digit of s?
0
What is the units digit of 57345*(-2)/18*-3?
5
Let u(t) = 523*t + 243. Let x be u(-5). What is the thousands digit of (x/(-7))/((-9)/(-7) - 1)?
1
Let i be 36 + -1 - (-3 - -6) - 4. Let n(y) = 3*y**3 - 83*y**2 - 25*y + 19. What is the tens digit of n(i)?
0
Let h(d) = 5*d**2 + 3*d + 2. Suppose -135 = -10*a - 25. What is the tens digit of h(a)?
4
Let q(w) = 10*w**2 + 16*w + 25. Suppose -6 = 2*a, -1 = o + a + 9. What is the hundreds digit of q(o)?
4
Let g(z) = 26*z**2 + 330*z - 70. What is the thousands digit of g(-46)?
9
Let a = -57 - -76. Let p = -29 + a. Let v(m) = -m**3 - 9*m**2 - 5*m + 12. What is the units digit of v(p)?
2
Let k = -2598 - -11025. What is the tens digit of k?
2
Let y = 19409 - -9254. What is the tens digit of y?
6
What is the tens digit of 377826/36 + 1/(-6)?
9
Let z(u) = 14*u**3 + 6*u**2 - 46*u + 216. What is the thousands digit of z(8)?
7
Let f = 341 - 329. What is the tens digit of ((-2)/(f/(-1551)))/((-3)/(-6))?
1
Suppose -193*x + 227*x - 269892 = 0. What is the thousands digit of x?
7
Let i = -130 + 145. Let o be ((-18)/i)/(3*(-1)/15). What is the hundreds digit of 2/6 - 1 - (-1552)/o?
2
Suppose -4*w + 5*s + 102007 = 0, -6*w = -2*w + s - 102037. What is the ten thousands digit of w?
2
Let a = 99017 - 67178. What is the ten thousands digit of a?
3
Let t(p) = -p**2 + 10*p - 47. Let g(d) = d**2 - 19*d + 91. Let l(k) = -6*g(k) - 11*t(k). What is the units digit of l(8)?
3
Suppose -91*o = 66*o - 6984302. What is the hundreds digit of o?
4
Let l(r) = r**2 + 4*r - 34. Let q(h) = h**3 + 5*h**2 - 9*h - 5. Let i be q(-6). What is the hundreds digit of l(i)?
1
Suppose -26771 = -20*z + 121269. What is the hundreds digit of z?
4
Suppose 5*d - 4*k + 143 = 0, -5*k - 15 = -0*k. Let v be 8/14 - d/7. Suppose 2*h = 3*a - 68, a - 14 = -0*a + v*h. What is the tens digit of a?
2
Suppose 352*l = 4609354 + 163766. What is the ten thousands digit of l?
1
What is the units digit of (11/20 - 20/25) + 195807/12?
7
Let z be 19/(3/(-3 - -6)). Let d(s) = 9*s + 24*s - 18*s + 14 + z*s. What is the tens digit of d(2)?
8
Let d be ((-3133)/(-4) - 2)/(49/(-3920)). What is the hundreds digit of (-2)/11 - d/110?
5
Let q(h) = h**3 + 5*h**2 - 4*h + 14. Let s be q(-6). Let x(n) = 71*n**2 - 5*n + 5. What is the tens digit of x(s)?
7
Suppose 3*c + 85 = k, -k - 3*c + 42 = -55. What is the units digit of (-4)/(-26) + 1 + 64050/k?
5
Suppose 0 = -11*f + 21*f - 3340. Let t = 3 + f. What is the tens digit of t?
3
Let o = 11905 - 5554. What is the hundreds digit of o?
3
What is the thousands digit of ((-16)/10)/((-13)/16315)?
2
Suppose -2*a + 12 = -a. Let p(w) be the third derivative of w**4/3 + 9*w**3/2 - w**2 - 3*w. What is the units digit of p(a)?
3
Let z = 183450 + -129765. What is the units digit of z?
5
Suppose 7 = 2*p + 85. Let y = 35 + p. Let k = y + 83. What is the tens digit of k?
7
Suppose 4*n + 31*k - 70876 = 27*k, -n + 3*k + 17699 = 0. What is the thousa